be s(25). Calculate the highest common divisor of r and t.
9
Let k(p) = 3*p + 233. Let b be k(-8). What is the greatest common factor of 11 and b?
11
Let s = -180 + 319. Let k = s + -122. Calculate the highest common factor of k and 697.
17
Suppose -2*b = -3*v + 3 - 5, -3*v - 7 = -b. Let m be (2/b - 33/55)*-9. Calculate the highest common divisor of m and 27.
9
Suppose -1233 = 295*a - 432*a. Suppose 4*o - 559 - 413 = 0. Calculate the greatest common factor of o and a.
9
Let g(q) = -12*q**2 - 35 + 11 + 6*q**2 - 2*q + q**3. Let b be g(7). Let w = 43 - -56. Calculate the greatest common divisor of b and w.
11
Let f(h) = 6*h**3 + 2*h + 1. Let a be f(-1). Let b be a + -2 + 7 + 83. What is the highest common factor of 3 and b?
3
Suppose -138202*k = 3*n - 138199*k - 18, 0 = n - 3*k - 14. Let i = 7 + -5. Calculate the highest common divisor of n and i.
2
Suppose -236*y + 750*y - 2845 - 9491 = 0. Suppose 2 = 4*a + 34. Let f = a - -11. What is the highest common divisor of f and y?
3
Let h be 2 - (-16)/(-6) - 29/((-2784)/6400). What is the greatest common divisor of h and 352?
22
Let q = 7294 + -7277. What is the greatest common divisor of 3689 and q?
17
Suppose 0 = 20*x - 8580 - 5420. What is the highest common divisor of x and 1540?
140
Let u(o) = o**2 - 25*o - 33. Let h be u(14). Let g = h - -384. Suppose 0 = -2*c + 219 - g. What is the greatest common factor of c and 33?
11
Suppose -111 = -3*a + 141. Suppose 0 = -i - h - 80, -2*i - 77 - a = 3*h. Let f = -54 - i. Calculate the greatest common divisor of f and 10.
5
Suppose l - 30 = -25. Let x be ((-504)/(-5))/7*l. What is the greatest common divisor of 18 and x?
18
Let y = 510 - 503. Let p(z) = 48*z - 285. Let q be p(y). Let l = 3 - 0. Calculate the greatest common divisor of q and l.
3
Suppose -364*j = -304*j - 180. Let t(v) = -2*v**3 - 3*v**2 - 2*v + 1. Suppose 0 = 8*l - 3*l + 10. Let d be t(l). What is the highest common factor of j and d?
3
Let i(g) = 6*g + 53. Let c be i(-8). Suppose s - 74 = -4*t, -2*t - c*s = -45 - 1. Calculate the highest common divisor of t and 8.
2
Suppose 3*p - 2*p + i - 3045 = 0, 11*i = 4*p - 12255. What is the highest common factor of p and 976?
122
Suppose -9457 = -20*b - 1826 + 10049. What is the highest common factor of b and 340?
68
Suppose -2*a + 4*y = -a + 13, 4*a - 4*y + 100 = 0. Let v = a + 21. Let z be (2 + v)/((-3)/(-6)*-1). Calculate the greatest common divisor of 60 and z.
12
Let c(u) = u - 12. Let i be c(16). Suppose -16 + 0 = i*y, -3*h + 4*y + 406 = 0. Suppose -3*j - h = -8*j. What is the greatest common factor of 26 and j?
26
Let o = 37 - 86. Let y = 81 + o. What is the highest common factor of y and 368?
16
Let m be (-6*(-2)/(-2))/((-2)/5). Suppose m*z - 861 + 36 = 0. Let j = -45 + z. Calculate the greatest common divisor of 5 and j.
5
Let q(x) = 90*x**2 + 3*x - 1546 + 1552 + 11*x**2. Let w be q(2). What is the highest common divisor of 26 and w?
26
Suppose 19*o = 6*o - 234. Let u = o - -22. Suppose 5*q + 515 = 2*a, 4*q = -u*a + 739 + 249. What is the highest common divisor of a and 50?
50
Suppose 0 = -32*v + 74 - 10. Suppose -4*o + 637 = j + v*j, -j = -4*o - 223. What is the greatest common factor of j and 10?
5
Let s(n) = -2*n + 2. Let w be s(0). Let b be w/(-3)*(-4 - -7) - 1. Let l be ((-1)/b - 0)/((-3)/(-9)). Calculate the greatest common factor of 5 and l.
1
Let a = -10875 - -11001. Calculate the highest common factor of a and 2196.
18
Suppose 3*c = 2*z + 9, 3*c = -5*z + 17 + 13. Suppose 4*k - 1062 = -4*u + 210, z = -3*k. What is the greatest common factor of u and 29?
29
Let h = -9 + 39. Suppose 144 = 2*v + h. Let b = -48 + v. Calculate the highest common divisor of 36 and b.
9
Let m = -485 - -477. Let g(w) = -44*w - 314. Let s be g(m). What is the greatest common factor of 247 and s?
19
Let m(o) = 40*o. Let v be m(1). Suppose 3*h = -10*h + 1313. Suppose 0 = 4*q - h - 19. Calculate the highest common divisor of v and q.
10
Suppose 0 = -135*g + 142*g - 175. Calculate the greatest common divisor of g and 90.
5
Suppose 16*j + 6*j - 4*j = 324. Calculate the highest common factor of 99 and j.
9
Suppose -5*a + 6934 = -5*y + y, -4*y - 4 = 0. What is the highest common divisor of 2574 and a?
198
Let q = -9 - -14. Suppose -q*z = -12 - 58. Let j be 562/8 + (-2)/8. Calculate the greatest common factor of j and z.
14
Let x(g) = g**2 + 10*g - 8. Let t = -687 - -689. Let b be x(t). What is the greatest common factor of b and 184?
8
Let q be (-2)/6 + (-21440)/48. Let h = 522 + q. Calculate the highest common factor of h and 6.
3
Let c = -11015 - -11132. What is the highest common divisor of 546 and c?
39
Suppose -33*x + 1702 + 1004 = 0. Let t = 1365 - 627. What is the greatest common factor of x and t?
82
Let l be ((-6)/1)/((24/(-3))/8). Suppose 2*f = 3*g + l*f - 320, 5*g - 3*f - 543 = 0. What is the greatest common factor of 27 and g?
27
Let l = -11413 - -11416. What is the highest common factor of 7167 and l?
3
Let y(f) = 202*f**2 + 2*f + 1. Let m be y(-2). Suppose 16*u + 59*u - 3114 = -489. Calculate the greatest common divisor of m and u.
35
Suppose -5*q - 498 = 3*r, -9*r + 8*r = 3*q + 166. Let k be 264/68 + (5 - r/(-34)). Calculate the greatest common divisor of 44 and k.
4
Let p(g) = 8*g + 152. Let u be p(-17). Suppose 2*o - 46 + u = 0. Calculate the highest common divisor of o and 405.
15
Let h = -2366 - -2613. Calculate the highest common factor of h and 143.
13
Let w = 122 + -173. Let m = 53 + w. Let a(z) = 5*z**2 + z - 4. Let l be a(m). What is the highest common factor of l and 3?
3
Let q be (20/12)/(85/85272*8). Let g be (-2 - -2)/(1/1). Suppose g = -3*c - c + 76. Calculate the greatest common factor of q and c.
19
Let h be (-7520)/18 - (-26)/(-117). Let i = h - -448. What is the greatest common factor of i and 24?
6
Suppose 0 = -2158*d + 2136*d + 180136. What is the greatest common factor of 178 and d?
178
Suppose -4*b + 6*b + 3*d - 10 = 0, 5*b + 2*d - 14 = 0. Suppose -20 = -3*m + b*m. Calculate the highest common factor of m and 90.
10
Suppose -2*d = 8*d - 100. Let m be (-14607)/(-45) + 3 + (-36)/d. What is the highest common divisor of m and 36?
36
Suppose 35 = d - 1. Let i be (-6)/(d/(-42)) - 1. Calculate the greatest common divisor of i and 12.
6
Let a be (-29 - (-5 - -2))*56/(-364). What is the highest common divisor of 566 and a?
2
Let t be 3428/(-87414) + (-1532)/(-51). Let d be 123/5 - (-4)/10. Calculate the greatest common divisor of d and t.
5
Suppose m = 147 - 19. Suppose 0 = -6*t + 2*t + 5*y, t = -5*y. Suppose t = 4*b - 52 - 12. Calculate the highest common factor of b and m.
16
Let m be -1 - (-7)/2*2. Let u be 32/(10/(-35)*-7). Suppose 3*r - 12 = w - 2, 4*r = 2*w + u. What is the highest common divisor of m and r?
2
Let z(s) = 10032 - 4*s**3 + 8*s - 10016 - 13*s**2 + 5*s**3. Let x be z(13). What is the highest common divisor of 30 and x?
30
Let s = 21 - -3. Suppose -192*m = 322*m - 98*m - 24960. What is the highest common factor of s and m?
12
Let d be (-53)/(-5) + -10 + 1782/30. What is the greatest common divisor of 170 and d?
10
Let l be 2 - (-1*2 + 0). Suppose -2*u + 60 = 3*n - l*u, 3*n = -4*u + 42. Suppose 43*k - 642 = -64*k. What is the highest common factor of n and k?
6
Suppose u - 215 = -2*t - t, 0 = -4*u + 4*t + 796. Suppose 8*n - 133 = u. What is the highest common divisor of 462 and n?
42
Suppose 20*h + 64 = 24*h. Let q be 1496/h*(4 - 2). What is the highest common factor of q and 11?
11
Let n(g) = -8*g + 64. Let r be n(-4). Let p be (-290)/(-24) + (-8)/r. Calculate the greatest common factor of 276 and p.
12
Let s be 0 + 5 + 0 - 1. Let y be 126*s/(40/15). Calculate the highest common factor of y and 42.
21
Suppose 0 = 5*r - 2*v - v - 169, 2*r - 66 = 2*v. Let c be (-840)/(-189)*6/8*6. Calculate the greatest common divisor of c and r.
5
Suppose -q = -s - 4, 6 = 2*q - 7*s + 4*s. Let z = 78 - 81. Let g be (-14)/z - 30/45. Calculate the greatest common factor of g and q.
2
Suppose -3*x = -2*c + 148 - 1690, -3*c = -4*x + 2057. What is the highest common divisor of 528 and x?
16
Suppose -5*y - 1581 = -98*y. Calculate the highest common factor of y and 204.
17
Let y be (1314/292)/(1*3/8). Calculate the greatest common divisor of y and 7206.
6
Let f = 290 - 120. Suppose 0 = -24*s + 325 - 85. What is the greatest common factor of 